000
What is 410510 (base 8) in base 4?
201011020
-916a93 (base 11) to base 7
-15344423
Convert 5016403 (base 8) to base 11.
820386
Convert 7319 (base 15) to base 14.
8c16
Convert -1001231311 (base 4) to base 15.
-54b4d
Convert -103111 (base 6) to base 5.
-232332
Convert 31591 (base 14) to base 10.
119099
What is 622312 (base 8) in base 5?
23043101
What is -8fbc1c (base 16) in base 7?
-143031662
What is 11c8754 (base 15) in base 12?
434748a
What is -3ce8cd (base 16) in base 6?
-221320205
40310234 (base 5) to base 12
136809
-417476 (base 9) to base 4
-330212331
Convert -3a7b8 (base 14) to base 8.
-431536
-1011011001111011110100 (base 2) to base 3
-12121220020210
Convert -17b693 (base 14) to base 8.
-3145121
What is -54877 (base 9) in base 2?
-1000111001010111
What is d4859 (base 14) in base 2?
1111101000000011111
What is -98242d (base 14) in base 8?
-23522411
What is 602e5 (base 15) in base 14?
7cd1d
-aa4d02 (base 14) to base 6
-323444222
Convert -109b42 (base 12) to base 2.
-1000000111100100010
Convert -1100101010010101 (base 2) to base 9.
-78123
Convert -1320212 (base 7) to base 10.
-172979
Convert -bd23d (base 15) to base 9.
-1115684
30219a (base 11) to base 16
76a9d
-2115230 (base 7) to base 15
-50e45
Convert -44223325 (base 8) to base 15.
-c7d876
Convert -65705750 (base 8) to base 13.
-2c07919
Convert -823353 (base 12) to base 8.
-7614057
Convert 100212004 (base 5) to base 7.
3244430
Convert 2747d7 (base 14) to base 5.
321411342
What is -c56391 (base 16) in base 14?
-1a0a45b
What is -7a607 (base 13) in base 9?
-368706
-884aa (base 15) to base 13
-122164
What is -3a4926 (base 11) in base 12?
-268084
Convert -8dd5e5 (base 15) to base 16.
-676de4
101000011000010010001 (base 2) to base 13
374340
Convert -11431035 (base 6) to base 7.
-3034610
1002233220 (base 4) to base 7
2216016
Convert 1302131 (base 4) to base 9.
11038
Convert -16345611 (base 7) to base 14.
-2d5db1
Convert -65420 (base 9) to base 8.
-124531
What is 3043 (base 14) in base 10?
8291
Convert -536937 (base 10) to base 3.
-1000021112120
1284112 (base 9) to base 16
ac20b
Convert -143351 (base 7) to base 4.
-12233213
What is -26097 (base 13) in base 15?
-15d03
What is -1010011010100111101110 (base 2) in base 7?
-32131402
Convert -62b1c (base 16) to base 2.
-1100010101100011100
Convert -653394 (base 13) to base 5.
-1102042112
What is 2011201120 (base 4) in base 6?
15415544
12030431 (base 7) to base 11
66910a
What is -112132230230 (base 4) in base 3?
-102002101112212
Convert 408400 (base 9) to base 12.
b8300
-12c05b (base 15) to base 10
-901211
What is 10311032030 (base 4) in base 8?
4651614
What is 80150 (base 10) in base 6?
1415022
What is 10056256 (base 7) in base 14?
17b42d
3312011231 (base 4) to base 15
14d9db
-3509034 (base 10) to base 15
-494aa9
-16625145 (base 8) to base 12
-136bab1
152467 (base 8) to base 6
1100411
What is -36a53a (base 11) in base 6?
-20312045
What is 207b78 (base 12) in base 8?
1746714
What is -2543101 (base 8) in base 3?
-1022212121100
4757736 (base 8) to base 6
43530022
Convert 3c5904 (base 15) to base 3.
12110120021011
Convert 121202001010 (base 3) to base 5.
41021123
What is -40654 (base 15) in base 9?
-340657
Convert -665576 (base 8) to base 6.
-4445342
12685633 (base 9) to base 8
27674232
-c75d (base 15) to base 4
-22102303
-92207 (base 13) to base 7
-2140142
11364065 (base 9) to base 11
313a777
What is 333010011 (base 4) in base 16?
3f105
What is -16baa5a (base 12) in base 11?
-2738679
What is -64737 (base 11) in base 15?
-1cd07
What is -6a7568 (base 13) in base 15?
-34e803
What is 21210220222202 (base 3) in base 9?
7726882
What is -a7cc7 (base 14) in base 9?
-677704
Convert 1154118 (base 9) to base 13.
18c0c8
What is -110101001111 (base 3) in base 9?
-411044
Convert -12207 (base 16) to base 14.
-1d0b5
-4aa1873 (base 12) to base 2
-110111110110110110010111
Convert 1b8c572 (base 13) to base 7.
140626300
-8ac41 (base 13) to base 8
-755173
11143232 (base 5) to base 4
120113221
Convert 12b4766 (base 12) to base 7.
43421505
What is -11a06 (base 15) in base 14?
-16704
100000000101000001111 (base 2) to base 9
1871815
-4301232 (base 7) to base 3
-222111100010
1244413 (base 7) to base 3
22020211111
Convert 89212 (base 10) to base 2.
10101110001111100
Convert -21402 (base 8) to base 10.
-8962
Convert 1001100110001100101 (base 2) to base 15.
63299
Convert -100021001022 (base 3) to base 9.
-307038
170820 (base 10) to base 9
280280
What is -165263 (base 9) in base 15?
-20489
What is -4540b4 (base 14) in base 7?
-26004314
Convert 9a9085 (base 11) to base 7.
16444606
330635 (base 7) to base 13
204b3
Convert -1021331223 (base 4) to base 5.
-34143310
-5b07ba (base 13) to base 8
-10222104
Convert -1604ab (base 16) to base 14.
-297c27
67d1 (base 16) to base 13
c135
Convert 170654 (base 8) to base 7.
345242
-134654 (base 8) to base 13
-18834
10120002102220 (base 3) to base 15
2755ec
6e8f (base 16) to base 15
85bd
What is 440447 (base 10) in base 15?
8a782
Convert 120300023 (base 5) to base 3.
1001021001100
Convert -2c1e83 (base 16) to base 2.
-1011000001111010000011
Convert 49486 (base 15) to base 12.
b3439
Convert -90788 (base 10) to base 11.
-62235
What is -2203133033 (base 4) in base 12?
-28363b
Convert 1212112210001 (base 3) to base 10.
994924
What is 11cca7 (base 14) in base 10?
611667
What is 223132441 (base 6) in base 12?
1444121
-3052201 (base 12) to base 4
-202211032201
-123152 (base 8) to base 6
-525122
What is -43a37 (base 13) in base 4?
-131323023
-51588a (base 11) to base 8
-3120341
Convert -3203144 (base 5) to base 2.
-1101000100101101
Convert 3958b4 (base 13) to base 2.
101010001101111110100
What is 12210202210 (base 3) in base 8?
337155
Convert -53616613 (base 7) to base 3.
-22121111110101
What is 44999 (base 15) in base 4?
311100321
Convert -352410025 (base 6) to base 13.
-148aa9b
Convert 7ba27 (base 16) to base 2.
1111011101000100111
Convert 52530201 (base 8) to base 2.
101010101011000010000001
What is 111001110101000000 (base 2) in base 14?
6246c
Convert 5310201 (base 12) to base 5.
13004304231
What is 11a549 (base 12) in base 15?
5a350
Convert 1130422203 (base 5) to base 12.
a5012a
157473 (base 9) to base 14
27695
What is 10303003 (base 5) in base 2?
10101011101000110
141013302 (base 6) to base 11
1675885
What is -365361 (base 7) in base 5?
-4113412
-170387 (base 10) to base 6
-3352455
What is 101212210122 (base 3) in base 7?
1551302
10540255 (base 6) to base 12
13768b
-11720633 (base 9) to base 11
-3271657
-126105 (base 14) to base 11
-3a1359
-234415 (base 12) to base 16
-8a851
10301 (base 15) to base 16
c865
-11001000100110100101100 (base 2) to base 8
-31046454
-4666515 (base 8) to base 15
-1a237a
12c48 (base 15) to base 6
1142235
-61711 (base 9) to base 10
-40672
What is -1103021002 (base 4) in base 2?
-1010011001001000010
Convert -16a0b9 (base 13) to base 4.
-2021320231
36275 (base 11) to base 6
1041453
Convert -21220200110 (base 3) to base 13.
-55b99
1a7b6 (base 14) to base 10
67388
-4bab7 (base 13) to base 8
-421733
-422ab (base 12) to base 8
-251443
Convert -775743 (base 15) to base 11.
-3235956
Convert 332134324 (base 5) to base 6.
50532545
What is 160057a (base 11) in base 2?
1010011100100101111111
What is -21311 (base 9) in base 16?
-3718
Convert -43706242 (base 8) to base 10.
-9407650
-22a2a (base 13) to base 12
-30722
72165543 (base 8) to base 14
2054c95
What is 1011111111010111110000 (base 2) in base 4?
23333113300
Convert -6b79a (base 14) to base 5.
-31342223
65a3a (base 14) to base 13
880c8
-6ccb68 (base 15) to base 4
-103313030213
Convert -4b5a69 (base 12) to base 11.
-7728a1
-101002111122001 (base 3) to base 9
-11074561
Convert 35a0 (base 12) to base 8.
13610
-1a6d5 (base 16) to base 4
-122123111
What is -4bb72 (base 15) in base 7?
-2026100
What is 11111212111 (base 3) in base 16?
15b0b
Convert 151744 (base 9) to base 11.
64019
a1b3b (base 13) to base 11
188739
-1670807 (base 11) to base 2
-1010110101101011110001
Convert -2100211221200 (base 3) to base 13.
-35005b
Convert -330112 (base 6) to base 8.
-65174
What is -325010331 (base 6) in base 3?
-101222100221201
What is 18bed (base 16) in base 2?
11000101111101101
Convert -283603 (base 9) to base 13.
-60b2b
Convert 2141240222 (base 5) to base 14.
8889c8
What is -201112011220 (base 